tens digit of 1929297407?
0
What is the ten thousands digit of 254295213?
9
What is the hundreds digit of 59579920?
9
What is the units digit of 110855768?
8
What is the hundreds digit of 191040120?
1
What is the millions digit of 36389761?
6
What is the ten thousands digit of 256158149?
5
What is the hundred millions digit of 163823013?
1
What is the thousands digit of 1300885478?
5
What is the units digit of 292299837?
7
What is the tens digit of 36055071?
7
What is the millions digit of 58668006?
8
What is the millions digit of 184820400?
4
What is the hundred thousands digit of 53854257?
8
What is the thousands digit of 83424223?
4
What is the ten millions digit of 47145304?
4
What is the hundred millions digit of 290077521?
2
What is the millions digit of 3100977023?
0
What is the ten thousands digit of 281655584?
5
What is the tens digit of 133805377?
7
What is the ten thousands digit of 466108534?
0
What is the tens digit of 537722737?
3
What is the hundreds digit of 481812640?
6
What is the ten millions digit of 98666592?
9
What is the hundred millions digit of 361289226?
3
What is the hundreds digit of 6603373?
3
What is the hundred millions digit of 571523436?
5
What is the ten thousands digit of 715657401?
5
What is the thousands digit of 55071587?
1
What is the ten thousands digit of 282563936?
6
What is the hundred millions digit of 257322715?
2
What is the tens digit of 81526140?
4
What is the thousands digit of 192228934?
8
What is the millions digit of 1582550392?
2
What is the hundred thousands digit of 146675263?
6
What is the hundred millions digit of 921656546?
9
What is the ten millions digit of 972447797?
7
What is the millions digit of 8036949435?
6
What is the millions digit of 109713582?
9
What is the thousands digit of 428819084?
9
What is the hundreds digit of 145890174?
1
What is the thousands digit of 1058947709?
7
What is the ten millions digit of 49494730?
4
What is the hundred millions digit of 1958929854?
9
What is the ten millions digit of 28307050?
2
What is the tens digit of 437121412?
1
What is the tens digit of 29078586?
8
What is the ten thousands digit of 173399681?
9
What is the ten thousands digit of 72504489?
0
What is the units digit of 138387906?
6
What is the hundred thousands digit of 2377615230?
6
What is the tens digit of 1541244306?
0
What is the millions digit of 888305131?
8
What is the ten thousands digit of 161275613?
7
What is the billions digit of 2272963200?
2
What is the millions digit of 30699142?
0
What is the thousands digit of 490428893?
8
What is the hundred thousands digit of 4542345255?
3
What is the millions digit of 97567762?
7
What is the thousands digit of 4772668?
2
What is the thousands digit of 299141574?
1
What is the hundred millions digit of 238206854?
2
What is the units digit of 158296937?
7
What is the ten thousands digit of 26527355?
2
What is the millions digit of 52904516?
2
What is the units digit of 1259221540?
0
What is the billions digit of 4502747287?
4
What is the ten thousands digit of 34392773?
9
What is the ten millions digit of 78200231?
7
What is the hundreds digit of 1340302114?
1
What is the ten millions digit of 696521111?
9
What is the units digit of 150356890?
0
What is the hundred millions digit of 856288933?
8
What is the units digit of 155488223?
3
What is the millions digit of 278487295?
8
What is the hundreds digit of 561113551?
5
What is the ten thousands digit of 21803752?
0
What is the units digit of 2465970472?
2
What is the tens digit of 3440105559?
5
What is the tens digit of 31903142?
4
What is the billions digit of 3180442400?
3
What is the units digit of 1043392757?
7
What is the hundred thousands digit of 15254057?
2
What is the hundred thousands digit of 363675954?
6
What is the units digit of 1099081742?
2
What is the thousands digit of 1880695168?
5
What is the hundreds digit of 550130276?
2
What is the ten millions digit of 6157770627?
5
What is the millions digit of 47923488?
7
What is the billions digit of 2209799496?
2
What is the millions digit of 337586962?
7
What is the millions digit of 1950440904?
0
What is the hundred thousands digit of 32563459?
5
What is the millions digit of 1918757100?
8
What is the tens digit of 553077930?
3
What is the thousands digit of 60841446?
1
What is the units digit of 2243118492?
2
What is the tens digit of 23740957?
5
What is the thousands digit of 73397942?
7
What is the hundred millions digit of 1719039076?
7
What is the thousands digit of 216326387?
6
What is the hundred millions digit of 330096671?
3
What is the ten millions digit of 746962061?
4
What is the hundred millions digit of 171958730?
1
What is the hundreds digit of 1373338798?
7
What is the hundreds digit of 88992189?
1
What is the ten millions digit of 41767641?
4
What is the hundreds digit of 195535643?
6
What is the ten thousands digit of 120729132?
2
What is the units digit of 451023270?
0
What is the units digit of 23301665?
5
What is the units digit of 71085445?
5
What is the hundreds digit of 92387529?
5
What is the hundred millions digit of 315866496?
3
What is the ten millions digit of 916390497?
1
What is the hundreds digit of 477773305?
3
What is the ten thousands digit of 328876922?
7
What is the hundreds digit of 37891290?
2
What is the units digit of 125634170?
0
What is the tens digit of 58309063?
6
What is the hundreds digit of 24256813?
8
What is the units digit of 2687180?
0
What is the hundred thousands digit of 1088343658?
3
What is the hundred thousands digit of 180975930?
9
What is the tens digit of 136645221?
2
What is the millions digit of 1936166345?
6
What is the units digit of 80325513?
3
What is the hundred thousands digit of 3963662785?
6
What is the thousands digit of 50137109?
7
What is the ten millions digit of 337438390?
3
What is the thousands digit of 249637578?
7
What is the units digit of 592294133?
3
What is the ten thousands digit of 287160905?
6
What is the units digit of 72984125?
5
What is the thousands digit of 57878026?
8
What is the hundred thousands digit of 32345951?
3
What is the hundreds digit of 131201426?
4
What is the tens digit of 699001667?
6
What is the hundred millions digit of 2119279645?
1
What is the hundred thousands digit of 2213112271?
1
What is the ten millions digit of 1742234425?
4
What is the units digit of 195251133?
3
What is the ten millions digit of 191110106?
9
What is the hundred millions digit of 1570017072?
5
What is the hundreds digit of 217075035?
0
What is the ten millions digit of 106060062?
0
What is the hundred millions digit of 1635324159?
6
What is the thousands digit of 6682680?
2
What is the thousands digit of 70994193?
4
What is the hundred thousands digit of 15102183?
1
What is the tens digit of 323473639?
3
What is the ten thousands digit of 167844085?
4
What is the units digit of 144068024?
4
What is the units digit of 134592970?
0
What is the hundred millions digit of 1692431796?
6
What is the ten thousands digit of 44888357?
8
What is the hundreds digit of 160173818?
8
What is the thousands digit of 86586333?
6
What is the millions digit of 55789110?
5
What is the ten thousands digit of 2610032333?
3
What is the hundreds digit of 201595011?
0
What is the hundreds digit of 47290632?
6
What is the units digit of 96403310?
0
What is the units digit of 76019382?
2
What is the billions digit of 2663897944?
2
What is the hundred thousands digit of 57458626?
4
What is the thousands digit of 101243433?
3
What is the hundreds digit of 238237746?
7
What is the billions digit of 1956182521?
1
What is the hundreds digit of 366627105?
1
What is the hundred thousands digit of 3661502375?
5
What is the hundreds digit of 346602645?
6
What is the hundreds digit of 443896782?
7
What is the hundred thousands digit of 1545956342?
9
What is the hundred thousands digit of 1087909520?
9
What is the ten thousands digit of 7345741441?
4
What is the hundred thousands digit of 133361854?
3
What is the tens digit of 113874062?
6
What is the units digit of 190719872?
2
What is the hundreds digit of 503790343?
3
What is the units digit of 782214020?
0
What is the ten thousands digit of 569042?
6
What is the tens digit of 100838718?
1
What is the hundred thousan